{"version":"1.0","provider_name":"Ensemble intercontemporain","provider_url":"https:\/\/www.ensembleintercontemporain.com\/fr\/","author_name":"Claude Abromont","author_url":"https:\/\/www.ensembleintercontemporain.com\/fr\/author\/c-abromont\/","title":"\"Polyphonie X\" de Pierre Boulez. - Ensemble intercontemporain","type":"rich","width":600,"height":338,"html":"<blockquote class=\"wp-embedded-content\" data-secret=\"FEfkqpWqMO\"><a href=\"https:\/\/www.ensembleintercontemporain.com\/fr\/2025\/02\/polyphonie-x-de-pierre-boulez\/\">\u00ab\u00a0Polyphonie X\u00a0\u00bb de Pierre Boulez.<\/a><\/blockquote><iframe sandbox=\"allow-scripts\" security=\"restricted\" src=\"https:\/\/www.ensembleintercontemporain.com\/fr\/2025\/02\/polyphonie-x-de-pierre-boulez\/embed\/#?secret=FEfkqpWqMO\" width=\"600\" height=\"338\" title=\"\u00ab\u00a0\u00ab\u00a0Polyphonie X\u00a0\u00bb de Pierre Boulez.\u00a0\u00bb &#8212; Ensemble intercontemporain\" data-secret=\"FEfkqpWqMO\" frameborder=\"0\" marginwidth=\"0\" marginheight=\"0\" scrolling=\"no\" class=\"wp-embedded-content\"><\/iframe><script type=\"text\/javascript\">\n\/* <![CDATA[ *\/\n\/*! This file is auto-generated *\/\n!function(d,l){\"use strict\";l.querySelector&&d.addEventListener&&\"undefined\"!=typeof URL&&(d.wp=d.wp||{},d.wp.receiveEmbedMessage||(d.wp.receiveEmbedMessage=function(e){var t=e.data;if((t||t.secret||t.message||t.value)&&!\/[^a-zA-Z0-9]\/.test(t.secret)){for(var s,r,n,a=l.querySelectorAll('iframe[data-secret=\"'+t.secret+'\"]'),o=l.querySelectorAll('blockquote[data-secret=\"'+t.secret+'\"]'),c=new RegExp(\"^https?:$\",\"i\"),i=0;i<o.length;i++)o[i].style.display=\"none\";for(i=0;i<a.length;i++)s=a[i],e.source===s.contentWindow&&(s.removeAttribute(\"style\"),\"height\"===t.message?(1e3<(r=parseInt(t.value,10))?r=1e3:~~r<200&&(r=200),s.height=r):\"link\"===t.message&&(r=new URL(s.getAttribute(\"src\")),n=new URL(t.value),c.test(n.protocol))&&n.host===r.host&&l.activeElement===s&&(d.top.location.href=t.value))}},d.addEventListener(\"message\",d.wp.receiveEmbedMessage,!1),l.addEventListener(\"DOMContentLoaded\",function(){for(var e,t,s=l.querySelectorAll(\"iframe.wp-embedded-content\"),r=0;r<s.length;r++)(t=(e=s[r]).getAttribute(\"data-secret\"))||(t=Math.random().toString(36).substring(2,12),e.src+=\"#?secret=\"+t,e.setAttribute(\"data-secret\",t)),e.contentWindow.postMessage({message:\"ready\",secret:t},\"*\")},!1)))}(window,document);\n\/\/# sourceURL=https:\/\/www.ensembleintercontemporain.com\/wp-includes\/js\/wp-embed.min.js\n\/* ]]> *\/\n<\/script>\n","thumbnail_url":"https:\/\/www.ensembleintercontemporain.com\/content\/uploads\/2025\/02\/akg1029441-nb.jpg","thumbnail_width":1920,"thumbnail_height":1419,"description":"Les nombreux concerts et autres \u00e9v\u00e9nements c\u00e9l\u00e9brant le centenaire de la naissance de Pierre Boulez en 2025 sont l'occasion de d\u00e9couvrir des \u0153uvres de jeunesse rarissimes du compositeur, comme \"Polyphonie X\" au programme de l'atelier-concert du 26 mars \u00e0 la Philharmonie de Paris.\u00a0"}

Les nombreux concerts et autres événements célébrant le centenaire de la naissance de Pierre Boulez en 2025 sont l'occasion de découvrir des œuvres de jeunesse rarissimes du compositeur, comme "Polyphonie X" au programme de l'atelier-concert du 26 mars à la Philharmonie de Paris.
