{"version":"1.0","provider_name":"Ensemble intercontemporain","provider_url":"https:\/\/www.ensembleintercontemporain.com\/fr\/","author_name":"Willem Herring","author_url":"https:\/\/www.ensembleintercontemporain.com\/fr\/author\/wherring\/","title":"Edgard Var\u00e8se : \"D\u00e9serts\". - Ensemble intercontemporain","type":"rich","width":600,"height":338,"html":"<blockquote class=\"wp-embedded-content\" data-secret=\"Sx4p3Ck5kE\"><a href=\"https:\/\/www.ensembleintercontemporain.com\/fr\/2022\/12\/edgard-varese-deserts-2\/\">Edgard Var\u00e8se : \u00ab\u00a0D\u00e9serts\u00a0\u00bb.<\/a><\/blockquote><iframe sandbox=\"allow-scripts\" security=\"restricted\" src=\"https:\/\/www.ensembleintercontemporain.com\/fr\/2022\/12\/edgard-varese-deserts-2\/embed\/#?secret=Sx4p3Ck5kE\" width=\"600\" height=\"338\" title=\"\u00ab\u00a0Edgard Var\u00e8se : \u00ab\u00a0D\u00e9serts\u00a0\u00bb.\u00a0\u00bb &#8212; Ensemble intercontemporain\" data-secret=\"Sx4p3Ck5kE\" frameborder=\"0\" marginwidth=\"0\" marginheight=\"0\" scrolling=\"no\" class=\"wp-embedded-content\"><\/iframe><script type=\"text\/javascript\">\n\/* <![CDATA[ *\/\n\/*! This file is auto-generated *\/\n!function(d,l){\"use strict\";l.querySelector&&d.addEventListener&&\"undefined\"!=typeof URL&&(d.wp=d.wp||{},d.wp.receiveEmbedMessage||(d.wp.receiveEmbedMessage=function(e){var t=e.data;if((t||t.secret||t.message||t.value)&&!\/[^a-zA-Z0-9]\/.test(t.secret)){for(var s,r,n,a=l.querySelectorAll('iframe[data-secret=\"'+t.secret+'\"]'),o=l.querySelectorAll('blockquote[data-secret=\"'+t.secret+'\"]'),c=new RegExp(\"^https?:$\",\"i\"),i=0;i<o.length;i++)o[i].style.display=\"none\";for(i=0;i<a.length;i++)s=a[i],e.source===s.contentWindow&&(s.removeAttribute(\"style\"),\"height\"===t.message?(1e3<(r=parseInt(t.value,10))?r=1e3:~~r<200&&(r=200),s.height=r):\"link\"===t.message&&(r=new URL(s.getAttribute(\"src\")),n=new URL(t.value),c.test(n.protocol))&&n.host===r.host&&l.activeElement===s&&(d.top.location.href=t.value))}},d.addEventListener(\"message\",d.wp.receiveEmbedMessage,!1),l.addEventListener(\"DOMContentLoaded\",function(){for(var e,t,s=l.querySelectorAll(\"iframe.wp-embedded-content\"),r=0;r<s.length;r++)(t=(e=s[r]).getAttribute(\"data-secret\"))||(t=Math.random().toString(36).substring(2,12),e.src+=\"#?secret=\"+t,e.setAttribute(\"data-secret\",t)),e.contentWindow.postMessage({message:\"ready\",secret:t},\"*\")},!1)))}(window,document);\n\/\/# sourceURL=https:\/\/www.ensembleintercontemporain.com\/wp-includes\/js\/wp-embed.min.js\n\/* ]]> *\/\n<\/script>\n","thumbnail_url":"http:\/\/www.ensembleintercontemporain.com\/content\/uploads\/2022\/12\/varese-desert-santa-fe-nb.jpg","thumbnail_width":1920,"thumbnail_height":1313,"description":"Presque 70 ans apr\u00e8s sa cr\u00e9ation chahut\u00e9e au Th\u00e9\u00e2tre des Champs-\u00c9lys\u00e9es en 1954, \"D\u00e9serts\" d\u2019Edgard Var\u00e8se reste encore aujourd\u2019hui une \u0153uvre radicale d\u2019une puissance fulgurante. Le public parisien pourra d\u2019ailleurs le constater le 22 janvier \u00e0 la Philharmonie de Paris. \"D\u00e9serts\" sera en outre jou\u00e9e avec le film que le vid\u00e9aste am\u00e9ricain Bill Viola r\u00e9alisa sp\u00e9cialement pour l\u2019\u0153uvre en 1994."}

Edgard Varèse : "Déserts". - Ensemble intercontemporain

<blockquote class="wp-embedded-content" data-secret="Sx4p3Ck5kE"><a href="https://www.ensembleintercontemporain.com/fr/2022/12/edgard-varese-deserts-2/">Edgard Varèse : « Déserts ».</a></blockquote><iframe sandbox="allow-scripts" security="restricted" src="https://www.ensembleintercontemporain.com/fr/2022/12/edgard-varese-deserts-2/embed/#?secret=Sx4p3Ck5kE" width="600" height="338" title="« Edgard Varèse : « Déserts ». » &#8212; Ensemble intercontemporain" data-secret="Sx4p3Ck5kE" frameborder="0" marginwidth="0" marginheight="0" scrolling="no" class="wp-embedded-content"></iframe><script type="text/javascript">
/* <![CDATA[ */
/*! This file is auto-generated */
!function(d,l){"use strict";l.querySelector&&d.addEventListener&&"undefined"!=typeof URL&&(d.wp=d.wp||{},d.wp.receiveEmbedMessage||(d.wp.receiveEmbedMessage=function(e){var t=e.data;if((t||t.secret||t.message||t.value)&&!/[^a-zA-Z0-9]/.test(t.secret)){for(var s,r,n,a=l.querySelectorAll('iframe[data-secret="'+t.secret+'"]'),o=l.querySelectorAll('blockquote[data-secret="'+t.secret+'"]'),c=new RegExp("^https?:$","i"),i=0;i<o.length;i++)o[i].style.display="none";for(i=0;i<a.length;i++)s=a[i],e.source===s.contentWindow&&(s.removeAttribute("style"),"height"===t.message?(1e3<(r=parseInt(t.value,10))?r=1e3:~~r<200&&(r=200),s.height=r):"link"===t.message&&(r=new URL(s.getAttribute("src")),n=new URL(t.value),c.test(n.protocol))&&n.host===r.host&&l.activeElement===s&&(d.top.location.href=t.value))}},d.addEventListener("message",d.wp.receiveEmbedMessage,!1),l.addEventListener("DOMContentLoaded",function(){for(var e,t,s=l.querySelectorAll("iframe.wp-embedded-content"),r=0;r<s.length;r++)(t=(e=s[r]).getAttribute("data-secret"))||(t=Math.random().toString(36).substring(2,12),e.src+="#?secret="+t,e.setAttribute("data-secret",t)),e.contentWindow.postMessage({message:"ready",secret:t},"*")},!1)))}(window,document);
//# sourceURL=https://www.ensembleintercontemporain.com/wp-includes/js/wp-embed.min.js
/* ]]> */
</script>

Presque 70 ans après sa création chahutée au Théâtre des Champs-Élysées en 1954, "Déserts" d’Edgard Varèse reste encore aujourd’hui une œuvre radicale d’une puissance fulgurante. Le public parisien pourra d’ailleurs le constater le 22 janvier à la Philharmonie de Paris. "Déserts" sera en outre jouée avec le film que le vidéaste américain Bill Viola réalisa spécialement pour l’œuvre en 1994.
