{"version":"1.0","provider_name":"Ensemble intercontemporain","provider_url":"https:\/\/www.ensembleintercontemporain.com\/fr\/","author_name":"Ensemble intercontemporain","author_url":"https:\/\/www.ensembleintercontemporain.com\/fr\/author\/eic\/","title":"Des notes et des bulles. - Ensemble intercontemporain","type":"rich","width":600,"height":338,"html":"<blockquote class=\"wp-embedded-content\" data-secret=\"dAth9k9jqn\"><a href=\"https:\/\/www.ensembleintercontemporain.com\/fr\/2022\/07\/des-notes-et-des-bulles\/\">Des notes et des bulles.<\/a><\/blockquote><iframe sandbox=\"allow-scripts\" security=\"restricted\" src=\"https:\/\/www.ensembleintercontemporain.com\/fr\/2022\/07\/des-notes-et-des-bulles\/embed\/#?secret=dAth9k9jqn\" width=\"600\" height=\"338\" title=\"\u00ab\u00a0Des notes et des bulles.\u00a0\u00bb &#8212; Ensemble intercontemporain\" data-secret=\"dAth9k9jqn\" frameborder=\"0\" marginwidth=\"0\" marginheight=\"0\" scrolling=\"no\" class=\"wp-embedded-content\"><\/iframe><script type=\"text\/javascript\">\n\/* <![CDATA[ *\/\n\/*! This file is auto-generated *\/\n!function(d,l){\"use strict\";l.querySelector&&d.addEventListener&&\"undefined\"!=typeof URL&&(d.wp=d.wp||{},d.wp.receiveEmbedMessage||(d.wp.receiveEmbedMessage=function(e){var t=e.data;if((t||t.secret||t.message||t.value)&&!\/[^a-zA-Z0-9]\/.test(t.secret)){for(var s,r,n,a=l.querySelectorAll('iframe[data-secret=\"'+t.secret+'\"]'),o=l.querySelectorAll('blockquote[data-secret=\"'+t.secret+'\"]'),c=new RegExp(\"^https?:$\",\"i\"),i=0;i<o.length;i++)o[i].style.display=\"none\";for(i=0;i<a.length;i++)s=a[i],e.source===s.contentWindow&&(s.removeAttribute(\"style\"),\"height\"===t.message?(1e3<(r=parseInt(t.value,10))?r=1e3:~~r<200&&(r=200),s.height=r):\"link\"===t.message&&(r=new URL(s.getAttribute(\"src\")),n=new URL(t.value),c.test(n.protocol))&&n.host===r.host&&l.activeElement===s&&(d.top.location.href=t.value))}},d.addEventListener(\"message\",d.wp.receiveEmbedMessage,!1),l.addEventListener(\"DOMContentLoaded\",function(){for(var e,t,s=l.querySelectorAll(\"iframe.wp-embedded-content\"),r=0;r<s.length;r++)(t=(e=s[r]).getAttribute(\"data-secret\"))||(t=Math.random().toString(36).substring(2,12),e.src+=\"#?secret=\"+t,e.setAttribute(\"data-secret\",t)),e.contentWindow.postMessage({message:\"ready\",secret:t},\"*\")},!1)))}(window,document);\n\/\/# sourceURL=https:\/\/www.ensembleintercontemporain.com\/wp-includes\/js\/wp-embed.min.js\n\/* ]]> *\/\n<\/script>\n","thumbnail_url":"http:\/\/www.ensembleintercontemporain.com\/content\/uploads\/2022\/07\/25-eic-musique-magique-070622canne-elise-grosbois.jpg","thumbnail_width":1920,"thumbnail_height":1280,"description":"Reportage vid\u00e9o sur une action originale de sensibilisation \u00e0 la musique, comportant \u00e9galement une dimension visuelle et th\u00e9\u00e2trale, \u00e0 destination d\u2019\u00e9l\u00e8ves d'une \u00e9cole primaire et d'un coll\u00e8ge de Sevran en Seine-Saint-Denis."}

Reportage vidéo sur une action originale de sensibilisation à la musique, comportant également une dimension visuelle et théâtrale, à destination d’élèves d'une école primaire et d'un collège de Sevran en Seine-Saint-Denis.
