{"version":"1.0","provider_name":"Ensemble intercontemporain","provider_url":"https:\/\/www.ensembleintercontemporain.com\/en\/","author_name":"Ensemble intercontemporain","author_url":"https:\/\/www.ensembleintercontemporain.com\/en\/author\/eic\/","title":"Ensemble vers l\u2019avenir. - Ensemble intercontemporain","type":"rich","width":600,"height":338,"html":"<blockquote class=\"wp-embedded-content\" data-secret=\"lr1NskSQfD\"><a href=\"https:\/\/www.ensembleintercontemporain.com\/en\/2026\/01\/ensemble-vers-lavenir\/\">Ensemble vers l\u2019avenir.<\/a><\/blockquote><iframe sandbox=\"allow-scripts\" security=\"restricted\" src=\"https:\/\/www.ensembleintercontemporain.com\/en\/2026\/01\/ensemble-vers-lavenir\/embed\/#?secret=lr1NskSQfD\" width=\"600\" height=\"338\" title=\"&#8220;Ensemble vers l\u2019avenir.&#8221; &#8212; Ensemble intercontemporain\" data-secret=\"lr1NskSQfD\" frameborder=\"0\" marginwidth=\"0\" marginheight=\"0\" scrolling=\"no\" class=\"wp-embedded-content\"><\/iframe><script type=\"text\/javascript\">\n\/* <![CDATA[ *\/\n\/*! This file is auto-generated *\/\n!function(d,l){\"use strict\";l.querySelector&&d.addEventListener&&\"undefined\"!=typeof URL&&(d.wp=d.wp||{},d.wp.receiveEmbedMessage||(d.wp.receiveEmbedMessage=function(e){var t=e.data;if((t||t.secret||t.message||t.value)&&!\/[^a-zA-Z0-9]\/.test(t.secret)){for(var s,r,n,a=l.querySelectorAll('iframe[data-secret=\"'+t.secret+'\"]'),o=l.querySelectorAll('blockquote[data-secret=\"'+t.secret+'\"]'),c=new RegExp(\"^https?:$\",\"i\"),i=0;i<o.length;i++)o[i].style.display=\"none\";for(i=0;i<a.length;i++)s=a[i],e.source===s.contentWindow&&(s.removeAttribute(\"style\"),\"height\"===t.message?(1e3<(r=parseInt(t.value,10))?r=1e3:~~r<200&&(r=200),s.height=r):\"link\"===t.message&&(r=new URL(s.getAttribute(\"src\")),n=new URL(t.value),c.test(n.protocol))&&n.host===r.host&&l.activeElement===s&&(d.top.location.href=t.value))}},d.addEventListener(\"message\",d.wp.receiveEmbedMessage,!1),l.addEventListener(\"DOMContentLoaded\",function(){for(var e,t,s=l.querySelectorAll(\"iframe.wp-embedded-content\"),r=0;r<s.length;r++)(t=(e=s[r]).getAttribute(\"data-secret\"))||(t=Math.random().toString(36).substring(2,12),e.src+=\"#?secret=\"+t,e.setAttribute(\"data-secret\",t)),e.contentWindow.postMessage({message:\"ready\",secret:t},\"*\")},!1)))}(window,document);\n\/\/# sourceURL=https:\/\/www.ensembleintercontemporain.com\/wp-includes\/js\/wp-embed.min.js\n\/* ]]> *\/\n<\/script>\n","thumbnail_url":"https:\/\/www.ensembleintercontemporain.com\/content\/uploads\/2026\/01\/eic-14-09-23-photographe-quentin-chevrier-29.jpg","thumbnail_width":1920,"thumbnail_height":1280,"description":"En 2026, une histoire partag\u00e9e prend une nouvelle forme. En int\u00e9grant la Philharmonie de Paris comme sixi\u00e8me d\u00e9partement, l\u2019Ensemble intercontemporain prolonge un compagnonnage de longue date et affirme, plus que jamais, la cr\u00e9ation comme moteur de son avenir."}

En 2026, une histoire partagée prend une nouvelle forme. En intégrant la Philharmonie de Paris comme sixième département, l’Ensemble intercontemporain prolonge un compagnonnage de longue date et affirme, plus que jamais, la création comme moteur de son avenir.
