{"version":"1.0","provider_name":"Ensemble intercontemporain","provider_url":"https:\/\/www.ensembleintercontemporain.com\/en\/","author_name":"Mich\u00e8le Tosi","author_url":"https:\/\/www.ensembleintercontemporain.com\/en\/author\/mtosi\/","title":"\u00ab Labourer le ciel \u00bb avec Lara Morciano. - Ensemble intercontemporain","type":"rich","width":600,"height":338,"html":"<blockquote class=\"wp-embedded-content\" data-secret=\"14s6kUSoLU\"><a href=\"https:\/\/www.ensembleintercontemporain.com\/en\/2025\/06\/labourer-le-ciel-avec-lara-morciano\/\">\u00ab Labourer le ciel \u00bb avec Lara Morciano.<\/a><\/blockquote><iframe sandbox=\"allow-scripts\" security=\"restricted\" src=\"https:\/\/www.ensembleintercontemporain.com\/en\/2025\/06\/labourer-le-ciel-avec-lara-morciano\/embed\/#?secret=14s6kUSoLU\" width=\"600\" height=\"338\" title=\"&#8220;\u00ab Labourer le ciel \u00bb avec Lara Morciano.&#8221; &#8212; Ensemble intercontemporain\" data-secret=\"14s6kUSoLU\" frameborder=\"0\" marginwidth=\"0\" marginheight=\"0\" scrolling=\"no\" class=\"wp-embedded-content\"><\/iframe><script type=\"text\/javascript\">\n\/* <![CDATA[ *\/\n\/*! This file is auto-generated *\/\n!function(d,l){\"use strict\";l.querySelector&&d.addEventListener&&\"undefined\"!=typeof URL&&(d.wp=d.wp||{},d.wp.receiveEmbedMessage||(d.wp.receiveEmbedMessage=function(e){var t=e.data;if((t||t.secret||t.message||t.value)&&!\/[^a-zA-Z0-9]\/.test(t.secret)){for(var s,r,n,a=l.querySelectorAll('iframe[data-secret=\"'+t.secret+'\"]'),o=l.querySelectorAll('blockquote[data-secret=\"'+t.secret+'\"]'),c=new RegExp(\"^https?:$\",\"i\"),i=0;i<o.length;i++)o[i].style.display=\"none\";for(i=0;i<a.length;i++)s=a[i],e.source===s.contentWindow&&(s.removeAttribute(\"style\"),\"height\"===t.message?(1e3<(r=parseInt(t.value,10))?r=1e3:~~r<200&&(r=200),s.height=r):\"link\"===t.message&&(r=new URL(s.getAttribute(\"src\")),n=new URL(t.value),c.test(n.protocol))&&n.host===r.host&&l.activeElement===s&&(d.top.location.href=t.value))}},d.addEventListener(\"message\",d.wp.receiveEmbedMessage,!1),l.addEventListener(\"DOMContentLoaded\",function(){for(var e,t,s=l.querySelectorAll(\"iframe.wp-embedded-content\"),r=0;r<s.length;r++)(t=(e=s[r]).getAttribute(\"data-secret\"))||(t=Math.random().toString(36).substring(2,12),e.src+=\"#?secret=\"+t,e.setAttribute(\"data-secret\",t)),e.contentWindow.postMessage({message:\"ready\",secret:t},\"*\")},!1)))}(window,document);\n\/\/# sourceURL=https:\/\/www.ensembleintercontemporain.com\/wp-includes\/js\/wp-embed.min.js\n\/* ]]> *\/\n<\/script>\n","thumbnail_url":"https:\/\/www.ensembleintercontemporain.com\/content\/uploads\/2025\/06\/lara-morciano-030719-1-eic.jpg","thumbnail_width":1920,"thumbnail_height":1280,"description":"Le 26 juin \u00e0 la Cit\u00e9 de la musique l\u2019Ensemble intercontemporain dirig\u00e9 par Pierre Bleuse interpr\u00e9tera le po\u00e9tique \"Nel cielo appena arato\" (2009) de la compositrice italienne Lara Morciano, dans le cadre de l'\u00e9dition 2025 du festival ManiFeste de l\u2019Ircam. Entre virtuosit\u00e9 instrumentale et exploration spectrale, cette pi\u00e8ce invite \u00e0 un voyage sonore unique. Lara Morciano revient sur la naissance de cette \u0153uvre pour ensemble, qui n\u2019a rien perdu de son \u00e9nergie ni de sa puissance d\u2019\u00e9vocation."}

Michèle Tosi

Le 26 juin à la Cité de la musique l’Ensemble intercontemporain dirigé par Pierre Bleuse interprétera le poétique "Nel cielo appena arato" (2009) de la compositrice italienne Lara Morciano, dans le cadre de l'édition 2025 du festival ManiFeste de l’Ircam. Entre virtuosité instrumentale et exploration spectrale, cette pièce invite à un voyage sonore unique. Lara Morciano revient sur la naissance de cette œuvre pour ensemble, qui n’a rien perdu de son énergie ni de sa puissance d’évocation.
