{"version":"1.0","provider_name":"Ensemble intercontemporain","provider_url":"https:\/\/www.ensembleintercontemporain.com\/en\/","author_name":"Arnaud Merlin","author_url":"https:\/\/www.ensembleintercontemporain.com\/en\/author\/amerlin\/","title":"Le th\u00e9\u00e2tre d'ombre de Fr\u00e9d\u00e9ric Durieux. - Ensemble intercontemporain","type":"rich","width":600,"height":338,"html":"<blockquote class=\"wp-embedded-content\" data-secret=\"gtR9naB9pL\"><a href=\"https:\/\/www.ensembleintercontemporain.com\/en\/2024\/03\/le-theatre-dombre-de-frederic-durieux\/\">Le th\u00e9\u00e2tre d&#8217;ombre de Fr\u00e9d\u00e9ric Durieux.<\/a><\/blockquote><iframe sandbox=\"allow-scripts\" security=\"restricted\" src=\"https:\/\/www.ensembleintercontemporain.com\/en\/2024\/03\/le-theatre-dombre-de-frederic-durieux\/embed\/#?secret=gtR9naB9pL\" width=\"600\" height=\"338\" title=\"&#8220;Le th\u00e9\u00e2tre d&#8217;ombre de Fr\u00e9d\u00e9ric Durieux.&#8221; &#8212; Ensemble intercontemporain\" data-secret=\"gtR9naB9pL\" frameborder=\"0\" marginwidth=\"0\" marginheight=\"0\" scrolling=\"no\" class=\"wp-embedded-content\"><\/iframe><script type=\"text\/javascript\">\n\/* <![CDATA[ *\/\n\/*! This file is auto-generated *\/\n!function(d,l){\"use strict\";l.querySelector&&d.addEventListener&&\"undefined\"!=typeof URL&&(d.wp=d.wp||{},d.wp.receiveEmbedMessage||(d.wp.receiveEmbedMessage=function(e){var t=e.data;if((t||t.secret||t.message||t.value)&&!\/[^a-zA-Z0-9]\/.test(t.secret)){for(var s,r,n,a=l.querySelectorAll('iframe[data-secret=\"'+t.secret+'\"]'),o=l.querySelectorAll('blockquote[data-secret=\"'+t.secret+'\"]'),c=new RegExp(\"^https?:$\",\"i\"),i=0;i<o.length;i++)o[i].style.display=\"none\";for(i=0;i<a.length;i++)s=a[i],e.source===s.contentWindow&&(s.removeAttribute(\"style\"),\"height\"===t.message?(1e3<(r=parseInt(t.value,10))?r=1e3:~~r<200&&(r=200),s.height=r):\"link\"===t.message&&(r=new URL(s.getAttribute(\"src\")),n=new URL(t.value),c.test(n.protocol))&&n.host===r.host&&l.activeElement===s&&(d.top.location.href=t.value))}},d.addEventListener(\"message\",d.wp.receiveEmbedMessage,!1),l.addEventListener(\"DOMContentLoaded\",function(){for(var e,t,s=l.querySelectorAll(\"iframe.wp-embedded-content\"),r=0;r<s.length;r++)(t=(e=s[r]).getAttribute(\"data-secret\"))||(t=Math.random().toString(36).substring(2,12),e.src+=\"#?secret=\"+t,e.setAttribute(\"data-secret\",t)),e.contentWindow.postMessage({message:\"ready\",secret:t},\"*\")},!1)))}(window,document);\n\/\/# sourceURL=https:\/\/www.ensembleintercontemporain.com\/wp-includes\/js\/wp-embed.min.js\n\/* ]]> *\/\n<\/script>\n","thumbnail_url":"https:\/\/www.ensembleintercontemporain.com\/content\/uploads\/2024\/03\/imgp5248.jpg","thumbnail_width":1920,"thumbnail_height":1440,"description":"Le 21 mars 2024, \u00e0 la Cit\u00e9 de la musique, l\u2019Ensemble intercontemporain cr\u00e9era, sous la direction de Marzena Diakun, \"Theater of Shadows II \u2013 In Memoriam Christian Boltanski\" de Fr\u00e9d\u00e9ric Durieux. Rencontr\u00e9 dans son atelier de M\u00e9nilmontant, le compositeur fait part de son \u00e9motion de rendre hommage au grand plasticien fran\u00e7ais disparu en 2021.\u00a0"}

Le théâtre d'ombre de Frédéric Durieux. - Ensemble intercontemporain

<blockquote class="wp-embedded-content" data-secret="gtR9naB9pL"><a href="https://www.ensembleintercontemporain.com/en/2024/03/le-theatre-dombre-de-frederic-durieux/">Le théâtre d&#8217;ombre de Frédéric Durieux.</a></blockquote><iframe sandbox="allow-scripts" security="restricted" src="https://www.ensembleintercontemporain.com/en/2024/03/le-theatre-dombre-de-frederic-durieux/embed/#?secret=gtR9naB9pL" width="600" height="338" title="&#8220;Le théâtre d&#8217;ombre de Frédéric Durieux.&#8221; &#8212; Ensemble intercontemporain" data-secret="gtR9naB9pL" frameborder="0" marginwidth="0" marginheight="0" scrolling="no" class="wp-embedded-content"></iframe><script type="text/javascript">
/* <![CDATA[ */
/*! This file is auto-generated */
!function(d,l){"use strict";l.querySelector&&d.addEventListener&&"undefined"!=typeof URL&&(d.wp=d.wp||{},d.wp.receiveEmbedMessage||(d.wp.receiveEmbedMessage=function(e){var t=e.data;if((t||t.secret||t.message||t.value)&&!/[^a-zA-Z0-9]/.test(t.secret)){for(var s,r,n,a=l.querySelectorAll('iframe[data-secret="'+t.secret+'"]'),o=l.querySelectorAll('blockquote[data-secret="'+t.secret+'"]'),c=new RegExp("^https?:$","i"),i=0;i<o.length;i++)o[i].style.display="none";for(i=0;i<a.length;i++)s=a[i],e.source===s.contentWindow&&(s.removeAttribute("style"),"height"===t.message?(1e3<(r=parseInt(t.value,10))?r=1e3:~~r<200&&(r=200),s.height=r):"link"===t.message&&(r=new URL(s.getAttribute("src")),n=new URL(t.value),c.test(n.protocol))&&n.host===r.host&&l.activeElement===s&&(d.top.location.href=t.value))}},d.addEventListener("message",d.wp.receiveEmbedMessage,!1),l.addEventListener("DOMContentLoaded",function(){for(var e,t,s=l.querySelectorAll("iframe.wp-embedded-content"),r=0;r<s.length;r++)(t=(e=s[r]).getAttribute("data-secret"))||(t=Math.random().toString(36).substring(2,12),e.src+="#?secret="+t,e.setAttribute("data-secret",t)),e.contentWindow.postMessage({message:"ready",secret:t},"*")},!1)))}(window,document);
//# sourceURL=https://www.ensembleintercontemporain.com/wp-includes/js/wp-embed.min.js
/* ]]> */
</script>

Le 21 mars 2024, à la Cité de la musique, l’Ensemble intercontemporain créera, sous la direction de Marzena Diakun, "Theater of Shadows II – In Memoriam Christian Boltanski" de Frédéric Durieux. Rencontré dans son atelier de Ménilmontant, le compositeur fait part de son émotion de rendre hommage au grand plasticien français disparu en 2021.
