{"version":"1.0","provider_name":"Ensemble intercontemporain","provider_url":"https:\/\/www.ensembleintercontemporain.com\/en\/","author_name":"Alain Billard","author_url":"https:\/\/www.ensembleintercontemporain.com\/en\/author\/alain-billard\/","title":"\u00ab Ab\u00eeme des oiseaux \u00bb d'Olivier Messiaen - Ensemble intercontemporain","type":"rich","width":600,"height":338,"html":"<blockquote class=\"wp-embedded-content\" data-secret=\"MGFPfcRv6i\"><a href=\"https:\/\/www.ensembleintercontemporain.com\/en\/2024\/03\/abime-des-oiseaux-dolivier-messiaen\/\">\u00ab Ab\u00eeme des oiseaux \u00bb d&#8217;Olivier Messiaen<\/a><\/blockquote><iframe sandbox=\"allow-scripts\" security=\"restricted\" src=\"https:\/\/www.ensembleintercontemporain.com\/en\/2024\/03\/abime-des-oiseaux-dolivier-messiaen\/embed\/#?secret=MGFPfcRv6i\" width=\"600\" height=\"338\" title=\"&#8220;\u00ab Ab\u00eeme des oiseaux \u00bb d&#8217;Olivier Messiaen&#8221; &#8212; Ensemble intercontemporain\" data-secret=\"MGFPfcRv6i\" frameborder=\"0\" marginwidth=\"0\" marginheight=\"0\" scrolling=\"no\" class=\"wp-embedded-content\"><\/iframe><script type=\"text\/javascript\">\n\/* <![CDATA[ *\/\n\/*! This file is auto-generated *\/\n!function(d,l){\"use strict\";l.querySelector&&d.addEventListener&&\"undefined\"!=typeof URL&&(d.wp=d.wp||{},d.wp.receiveEmbedMessage||(d.wp.receiveEmbedMessage=function(e){var t=e.data;if((t||t.secret||t.message||t.value)&&!\/[^a-zA-Z0-9]\/.test(t.secret)){for(var s,r,n,a=l.querySelectorAll('iframe[data-secret=\"'+t.secret+'\"]'),o=l.querySelectorAll('blockquote[data-secret=\"'+t.secret+'\"]'),c=new RegExp(\"^https?:$\",\"i\"),i=0;i<o.length;i++)o[i].style.display=\"none\";for(i=0;i<a.length;i++)s=a[i],e.source===s.contentWindow&&(s.removeAttribute(\"style\"),\"height\"===t.message?(1e3<(r=parseInt(t.value,10))?r=1e3:~~r<200&&(r=200),s.height=r):\"link\"===t.message&&(r=new URL(s.getAttribute(\"src\")),n=new URL(t.value),c.test(n.protocol))&&n.host===r.host&&l.activeElement===s&&(d.top.location.href=t.value))}},d.addEventListener(\"message\",d.wp.receiveEmbedMessage,!1),l.addEventListener(\"DOMContentLoaded\",function(){for(var e,t,s=l.querySelectorAll(\"iframe.wp-embedded-content\"),r=0;r<s.length;r++)(t=(e=s[r]).getAttribute(\"data-secret\"))||(t=Math.random().toString(36).substring(2,12),e.src+=\"#?secret=\"+t,e.setAttribute(\"data-secret\",t)),e.contentWindow.postMessage({message:\"ready\",secret:t},\"*\")},!1)))}(window,document);\n\/\/# sourceURL=https:\/\/www.ensembleintercontemporain.com\/wp-includes\/js\/wp-embed.min.js\n\/* ]]> *\/\n<\/script>\n","thumbnail_url":"https:\/\/www.ensembleintercontemporain.com\/content\/uploads\/2024\/03\/imgp2687-e1711039658770.jpg","thumbnail_width":1686,"thumbnail_height":1270,"description":"Lors d'un concert le 23 mars 2024 \u00e0 l'Auditorium de Lyon, Alain Billard sera l'interpr\u00e8te de l'\"Ab\u00eeme des oiseaux\", extrait du \"Quatuor pour la fin du Temps\" d'Olivier Messiaen, compos\u00e9 en temps de guerre et \u00e0 l'\u00e9cho encore tr\u00e8s actuel, comme nous l'explique le clarinettiste.\u00a0"}

« Abîme des oiseaux » d'Olivier Messiaen - Ensemble intercontemporain

<blockquote class="wp-embedded-content" data-secret="MGFPfcRv6i"><a href="https://www.ensembleintercontemporain.com/en/2024/03/abime-des-oiseaux-dolivier-messiaen/">« Abîme des oiseaux » d&#8217;Olivier Messiaen</a></blockquote><iframe sandbox="allow-scripts" security="restricted" src="https://www.ensembleintercontemporain.com/en/2024/03/abime-des-oiseaux-dolivier-messiaen/embed/#?secret=MGFPfcRv6i" width="600" height="338" title="&#8220;« Abîme des oiseaux » d&#8217;Olivier Messiaen&#8221; &#8212; Ensemble intercontemporain" data-secret="MGFPfcRv6i" frameborder="0" marginwidth="0" marginheight="0" scrolling="no" class="wp-embedded-content"></iframe><script type="text/javascript">
/* <![CDATA[ */
/*! This file is auto-generated */
!function(d,l){"use strict";l.querySelector&&d.addEventListener&&"undefined"!=typeof URL&&(d.wp=d.wp||{},d.wp.receiveEmbedMessage||(d.wp.receiveEmbedMessage=function(e){var t=e.data;if((t||t.secret||t.message||t.value)&&!/[^a-zA-Z0-9]/.test(t.secret)){for(var s,r,n,a=l.querySelectorAll('iframe[data-secret="'+t.secret+'"]'),o=l.querySelectorAll('blockquote[data-secret="'+t.secret+'"]'),c=new RegExp("^https?:$","i"),i=0;i<o.length;i++)o[i].style.display="none";for(i=0;i<a.length;i++)s=a[i],e.source===s.contentWindow&&(s.removeAttribute("style"),"height"===t.message?(1e3<(r=parseInt(t.value,10))?r=1e3:~~r<200&&(r=200),s.height=r):"link"===t.message&&(r=new URL(s.getAttribute("src")),n=new URL(t.value),c.test(n.protocol))&&n.host===r.host&&l.activeElement===s&&(d.top.location.href=t.value))}},d.addEventListener("message",d.wp.receiveEmbedMessage,!1),l.addEventListener("DOMContentLoaded",function(){for(var e,t,s=l.querySelectorAll("iframe.wp-embedded-content"),r=0;r<s.length;r++)(t=(e=s[r]).getAttribute("data-secret"))||(t=Math.random().toString(36).substring(2,12),e.src+="#?secret="+t,e.setAttribute("data-secret",t)),e.contentWindow.postMessage({message:"ready",secret:t},"*")},!1)))}(window,document);
//# sourceURL=https://www.ensembleintercontemporain.com/wp-includes/js/wp-embed.min.js
/* ]]> */
</script>

Lors d'un concert le 23 mars 2024 à l'Auditorium de Lyon, Alain Billard sera l'interprète de l'"Abîme des oiseaux", extrait du "Quatuor pour la fin du Temps" d'Olivier Messiaen, composé en temps de guerre et à l'écho encore très actuel, comme nous l'explique le clarinettiste.
