{"version":"1.0","provider_name":"Ensemble intercontemporain","provider_url":"https:\/\/www.ensembleintercontemporain.com\/en\/","author_name":"Florence Baschet","author_url":"https:\/\/www.ensembleintercontemporain.com\/en\/author\/f-baschet\/","title":"Florence Baschet : \"Si par un jour...\" - Ensemble intercontemporain","type":"rich","width":600,"height":338,"html":"<blockquote class=\"wp-embedded-content\" data-secret=\"84ocvefe4e\"><a href=\"https:\/\/www.ensembleintercontemporain.com\/en\/2023\/05\/florence-baschet-si-par-un-jour\/\">Florence Baschet : &#8220;Si par un jour&#8230;&#8221;<\/a><\/blockquote><iframe sandbox=\"allow-scripts\" security=\"restricted\" src=\"https:\/\/www.ensembleintercontemporain.com\/en\/2023\/05\/florence-baschet-si-par-un-jour\/embed\/#?secret=84ocvefe4e\" width=\"600\" height=\"338\" title=\"&#8220;Florence Baschet : &#8220;Si par un jour&#8230;&#8221;&#8221; &#8212; Ensemble intercontemporain\" data-secret=\"84ocvefe4e\" frameborder=\"0\" marginwidth=\"0\" marginheight=\"0\" scrolling=\"no\" class=\"wp-embedded-content\"><\/iframe><script type=\"text\/javascript\">\n\/* <![CDATA[ *\/\n\/*! This file is auto-generated *\/\n!function(d,l){\"use strict\";l.querySelector&&d.addEventListener&&\"undefined\"!=typeof URL&&(d.wp=d.wp||{},d.wp.receiveEmbedMessage||(d.wp.receiveEmbedMessage=function(e){var t=e.data;if((t||t.secret||t.message||t.value)&&!\/[^a-zA-Z0-9]\/.test(t.secret)){for(var s,r,n,a=l.querySelectorAll('iframe[data-secret=\"'+t.secret+'\"]'),o=l.querySelectorAll('blockquote[data-secret=\"'+t.secret+'\"]'),c=new RegExp(\"^https?:$\",\"i\"),i=0;i<o.length;i++)o[i].style.display=\"none\";for(i=0;i<a.length;i++)s=a[i],e.source===s.contentWindow&&(s.removeAttribute(\"style\"),\"height\"===t.message?(1e3<(r=parseInt(t.value,10))?r=1e3:~~r<200&&(r=200),s.height=r):\"link\"===t.message&&(r=new URL(s.getAttribute(\"src\")),n=new URL(t.value),c.test(n.protocol))&&n.host===r.host&&l.activeElement===s&&(d.top.location.href=t.value))}},d.addEventListener(\"message\",d.wp.receiveEmbedMessage,!1),l.addEventListener(\"DOMContentLoaded\",function(){for(var e,t,s=l.querySelectorAll(\"iframe.wp-embedded-content\"),r=0;r<s.length;r++)(t=(e=s[r]).getAttribute(\"data-secret\"))||(t=Math.random().toString(36).substring(2,12),e.src+=\"#?secret=\"+t,e.setAttribute(\"data-secret\",t)),e.contentWindow.postMessage({message:\"ready\",secret:t},\"*\")},!1)))}(window,document);\n\/\/# sourceURL=https:\/\/www.ensembleintercontemporain.com\/wp-includes\/js\/wp-embed.min.js\n\/* ]]> *\/\n<\/script>\n","thumbnail_url":"http:\/\/www.ensembleintercontemporain.com\/content\/uploads\/2023\/05\/florence-baschet.jpg","thumbnail_width":1920,"thumbnail_height":1074,"description":"La compositrice fran\u00e7aise Florence Baschet revient sur la double origine de sa nouvelle \u0153uvre pour quatuor \u00e0 cordes et piano,\u00a0\"Si par un jour...\" qui sera cr\u00e9\u00e9e le 23 mai prochain \u00e0 la Philharmonie de Paris."}

La compositrice française Florence Baschet revient sur la double origine de sa nouvelle œuvre pour quatuor à cordes et piano, "Si par un jour..." qui sera créée le 23 mai prochain à la Philharmonie de Paris.
