{"version":"1.0","provider_name":"Ensemble intercontemporain","provider_url":"https:\/\/www.ensembleintercontemporain.com\/en\/","author_name":"Bruno Serrou","author_url":"https:\/\/www.ensembleintercontemporain.com\/en\/author\/bruno-serrou\/","title":"[solo] Maryvonne Le Diz\u00e8s, violon - Ensemble intercontemporain","type":"rich","width":600,"height":338,"html":"<blockquote class=\"wp-embedded-content\" data-secret=\"m2fLOnPHRz\"><a href=\"https:\/\/www.ensembleintercontemporain.com\/en\/1999\/01\/solo-maryvonne-le-dizes-violon\/\">[solo] Maryvonne Le Diz\u00e8s, violon<\/a><\/blockquote><iframe sandbox=\"allow-scripts\" security=\"restricted\" src=\"https:\/\/www.ensembleintercontemporain.com\/en\/1999\/01\/solo-maryvonne-le-dizes-violon\/embed\/#?secret=m2fLOnPHRz\" width=\"600\" height=\"338\" title=\"&#8220;[solo] Maryvonne Le Diz\u00e8s, violon&#8221; &#8212; Ensemble intercontemporain\" data-secret=\"m2fLOnPHRz\" frameborder=\"0\" marginwidth=\"0\" marginheight=\"0\" scrolling=\"no\" class=\"wp-embedded-content\"><\/iframe><script type=\"text\/javascript\">\n\/* <![CDATA[ *\/\n\/*! This file is auto-generated *\/\n!function(d,l){\"use strict\";l.querySelector&&d.addEventListener&&\"undefined\"!=typeof URL&&(d.wp=d.wp||{},d.wp.receiveEmbedMessage||(d.wp.receiveEmbedMessage=function(e){var t=e.data;if((t||t.secret||t.message||t.value)&&!\/[^a-zA-Z0-9]\/.test(t.secret)){for(var s,r,n,a=l.querySelectorAll('iframe[data-secret=\"'+t.secret+'\"]'),o=l.querySelectorAll('blockquote[data-secret=\"'+t.secret+'\"]'),c=new RegExp(\"^https?:$\",\"i\"),i=0;i<o.length;i++)o[i].style.display=\"none\";for(i=0;i<a.length;i++)s=a[i],e.source===s.contentWindow&&(s.removeAttribute(\"style\"),\"height\"===t.message?(1e3<(r=parseInt(t.value,10))?r=1e3:~~r<200&&(r=200),s.height=r):\"link\"===t.message&&(r=new URL(s.getAttribute(\"src\")),n=new URL(t.value),c.test(n.protocol))&&n.host===r.host&&l.activeElement===s&&(d.top.location.href=t.value))}},d.addEventListener(\"message\",d.wp.receiveEmbedMessage,!1),l.addEventListener(\"DOMContentLoaded\",function(){for(var e,t,s=l.querySelectorAll(\"iframe.wp-embedded-content\"),r=0;r<s.length;r++)(t=(e=s[r]).getAttribute(\"data-secret\"))||(t=Math.random().toString(36).substring(2,12),e.src+=\"#?secret=\"+t,e.setAttribute(\"data-secret\",t)),e.contentWindow.postMessage({message:\"ready\",secret:t},\"*\")},!1)))}(window,document);\n\/\/# sourceURL=https:\/\/www.ensembleintercontemporain.com\/wp-includes\/js\/wp-embed.min.js\n\/* ]]> *\/\n<\/script>\n","description":"Maryvonne Le Diz\u00e8s sera l\u2019interpr\u00e8te du Concerto pour violon de Ligeti les 11, 12, 13, et 14 f\u00e9vrier prochains, dans un programme chor\u00e9graphique sign\u00e9 Fran\u00e7ois Raffinot. Portrait d\u2019une violoniste membre de l\u2019Ensemble depuis 1979, pour qui interpr\u00e9ter et enseigner rel\u00e8vent d\u2019un m\u00eame engagement."}

[solo] Maryvonne Le Dizès, violon - Ensemble intercontemporain

<blockquote class="wp-embedded-content" data-secret="m2fLOnPHRz"><a href="https://www.ensembleintercontemporain.com/en/1999/01/solo-maryvonne-le-dizes-violon/">[solo] Maryvonne Le Dizès, violon</a></blockquote><iframe sandbox="allow-scripts" security="restricted" src="https://www.ensembleintercontemporain.com/en/1999/01/solo-maryvonne-le-dizes-violon/embed/#?secret=m2fLOnPHRz" width="600" height="338" title="&#8220;[solo] Maryvonne Le Dizès, violon&#8221; &#8212; Ensemble intercontemporain" data-secret="m2fLOnPHRz" frameborder="0" marginwidth="0" marginheight="0" scrolling="no" class="wp-embedded-content"></iframe><script type="text/javascript">
/* <![CDATA[ */
/*! This file is auto-generated */
!function(d,l){"use strict";l.querySelector&&d.addEventListener&&"undefined"!=typeof URL&&(d.wp=d.wp||{},d.wp.receiveEmbedMessage||(d.wp.receiveEmbedMessage=function(e){var t=e.data;if((t||t.secret||t.message||t.value)&&!/[^a-zA-Z0-9]/.test(t.secret)){for(var s,r,n,a=l.querySelectorAll('iframe[data-secret="'+t.secret+'"]'),o=l.querySelectorAll('blockquote[data-secret="'+t.secret+'"]'),c=new RegExp("^https?:$","i"),i=0;i<o.length;i++)o[i].style.display="none";for(i=0;i<a.length;i++)s=a[i],e.source===s.contentWindow&&(s.removeAttribute("style"),"height"===t.message?(1e3<(r=parseInt(t.value,10))?r=1e3:~~r<200&&(r=200),s.height=r):"link"===t.message&&(r=new URL(s.getAttribute("src")),n=new URL(t.value),c.test(n.protocol))&&n.host===r.host&&l.activeElement===s&&(d.top.location.href=t.value))}},d.addEventListener("message",d.wp.receiveEmbedMessage,!1),l.addEventListener("DOMContentLoaded",function(){for(var e,t,s=l.querySelectorAll("iframe.wp-embedded-content"),r=0;r<s.length;r++)(t=(e=s[r]).getAttribute("data-secret"))||(t=Math.random().toString(36).substring(2,12),e.src+="#?secret="+t,e.setAttribute("data-secret",t)),e.contentWindow.postMessage({message:"ready",secret:t},"*")},!1)))}(window,document);
//# sourceURL=https://www.ensembleintercontemporain.com/wp-includes/js/wp-embed.min.js
/* ]]> */
</script>

Maryvonne Le Dizès sera l’interprète du Concerto pour violon de Ligeti les 11, 12, 13, et 14 février prochains, dans un programme chorégraphique signé François Raffinot. Portrait d’une violoniste membre de l’Ensemble depuis 1979, pour qui interpréter et enseigner relèvent d’un même engagement.
